{"id":2179,"date":"2015-03-01T21:36:52","date_gmt":"2015-03-01T20:36:52","guid":{"rendered":"http:\/\/schroeder-medien.com\/kunden\/web\/stenografenverein\/?page_id=2179"},"modified":"2015-03-01T21:46:54","modified_gmt":"2015-03-01T20:46:54","slug":"sonderlehrgaenge","status":"publish","type":"page","link":"https:\/\/stenoverein-schleswig.de\/?page_id=2179","title":{"rendered":"Sonderlehrg\u00e4nge"},"content":{"rendered":"<p><strong>Haben Sie W\u00fcnsche, die \u00fcber das &#8222;normale&#8220; Schulungsangebot hinausgehen?<\/strong> Wollen Sie f\u00fcr Ihre MitarbeiterInnen berufsspezielle Kurse durchf\u00fchren? Auch dann sind wir die Richtigen f\u00fcr Sie! Gerne unterbreiten wir Ihnen ein nach Ihren Bed\u00fcrfnissen ausgerichtetes Angebot. Unsere ausgebildeten Dozenten\/Innen sind selbstverst\u00e4ndlich bereit, sich mit Ihren speziellen W\u00fcnschen auseinander zu setzen und entsprechende Schulungen \u2013 auch in Ihrem Unternehmen &#8211; durchzuf\u00fchren.<\/p>\n","protected":false},"excerpt":{"rendered":"<p>Haben Sie W\u00fcnsche, die \u00fcber das &#8222;normale&#8220; Schulungsangebot hinausgehen? Wollen Sie f\u00fcr Ihre MitarbeiterInnen berufsspezielle Kurse durchf\u00fchren? Auch dann sind wir die Richtigen f\u00fcr Sie! Gerne unterbreiten wir Ihnen ein nach Ihren Bed\u00fcrfnissen ausgerichtetes Angebot. Unsere ausgebildeten Dozenten\/Innen sind selbstverst\u00e4ndlich bereit, sich mit Ihren speziellen W\u00fcnschen auseinander zu setzen und entsprechende Schulungen \u2013 auch in [&hellip;]<\/p>\n","protected":false},"author":1,"featured_media":0,"parent":0,"menu_order":0,"comment_status":"closed","ping_status":"closed","template":"","meta":{"_bbp_topic_count":0,"_bbp_reply_count":0,"_bbp_total_topic_count":0,"_bbp_total_reply_count":0,"_bbp_voice_count":0,"_bbp_anonymous_reply_count":0,"_bbp_topic_count_hidden":0,"_bbp_reply_count_hidden":0,"_bbp_forum_subforum_count":0},"_links":{"self":[{"href":"https:\/\/stenoverein-schleswig.de\/index.php?rest_route=\/wp\/v2\/pages\/2179"}],"collection":[{"href":"https:\/\/stenoverein-schleswig.de\/index.php?rest_route=\/wp\/v2\/pages"}],"about":[{"href":"https:\/\/stenoverein-schleswig.de\/index.php?rest_route=\/wp\/v2\/types\/page"}],"author":[{"embeddable":true,"href":"https:\/\/stenoverein-schleswig.de\/index.php?rest_route=\/wp\/v2\/users\/1"}],"replies":[{"embeddable":true,"href":"https:\/\/stenoverein-schleswig.de\/index.php?rest_route=%2Fwp%2Fv2%2Fcomments&post=2179"}],"version-history":[{"count":1,"href":"https:\/\/stenoverein-schleswig.de\/index.php?rest_route=\/wp\/v2\/pages\/2179\/revisions"}],"predecessor-version":[{"id":2180,"href":"https:\/\/stenoverein-schleswig.de\/index.php?rest_route=\/wp\/v2\/pages\/2179\/revisions\/2180"}],"wp:attachment":[{"href":"https:\/\/stenoverein-schleswig.de\/index.php?rest_route=%2Fwp%2Fv2%2Fmedia&parent=2179"}],"curies":[{"name":"wp","href":"https:\/\/api.w.org\/{rel}","templated":true}]}}