{"id":2177,"date":"2015-03-01T21:36:19","date_gmt":"2015-03-01T20:36:19","guid":{"rendered":"http:\/\/schroeder-medien.com\/kunden\/web\/stenografenverein\/?page_id=2177"},"modified":"2016-03-23T20:04:39","modified_gmt":"2016-03-23T19:04:39","slug":"kids-schuelerlehrgaenge","status":"publish","type":"page","link":"https:\/\/stenoverein-schleswig.de\/?page_id=2177","title":{"rendered":"Kids- \/ Sch\u00fclerlehrg\u00e4nge"},"content":{"rendered":"<p><strong>Je eher \u2013 je besser.<\/strong> Unter diesem Motto bieten wir Kurse f\u00fcr Sch\u00fclerInnen und Jugendliche an. Rechtzeitig &#8211; bevor sich etwas Falsches einpr\u00e4gt -, k\u00f6nnen die Teilnehmer in Form eines Ferienseminars oder regelm\u00e4\u00dfig einmal die Woche altersgem\u00e4\u00df das 10-Finger-Tastschreiben erlernen und somit fr\u00fch und gezielt die Leistungsf\u00e4higkeit des PCs nutzen. Auch bei Rechtschreibschwierigkeiten wurden gute Ergebnisse erzielt! Au\u00dferdem haben die Kinder und Jugendliche viel Spa\u00df, &#8222;wie die Profis&#8220; die Tastatur zu bedienen.<\/p>\n<p>.<\/p>\n","protected":false},"excerpt":{"rendered":"<p>Je eher \u2013 je besser. Unter diesem Motto bieten wir Kurse f\u00fcr Sch\u00fclerInnen und Jugendliche an. Rechtzeitig &#8211; bevor sich etwas Falsches einpr\u00e4gt -, k\u00f6nnen die Teilnehmer in Form eines Ferienseminars oder regelm\u00e4\u00dfig einmal die Woche altersgem\u00e4\u00df das 10-Finger-Tastschreiben erlernen und somit fr\u00fch und gezielt die Leistungsf\u00e4higkeit des PCs nutzen. Auch bei Rechtschreibschwierigkeiten wurden gute [&hellip;]<\/p>\n","protected":false},"author":1,"featured_media":0,"parent":0,"menu_order":0,"comment_status":"closed","ping_status":"closed","template":"","meta":{"_bbp_topic_count":0,"_bbp_reply_count":0,"_bbp_total_topic_count":0,"_bbp_total_reply_count":0,"_bbp_voice_count":0,"_bbp_anonymous_reply_count":0,"_bbp_topic_count_hidden":0,"_bbp_reply_count_hidden":0,"_bbp_forum_subforum_count":0},"_links":{"self":[{"href":"https:\/\/stenoverein-schleswig.de\/index.php?rest_route=\/wp\/v2\/pages\/2177"}],"collection":[{"href":"https:\/\/stenoverein-schleswig.de\/index.php?rest_route=\/wp\/v2\/pages"}],"about":[{"href":"https:\/\/stenoverein-schleswig.de\/index.php?rest_route=\/wp\/v2\/types\/page"}],"author":[{"embeddable":true,"href":"https:\/\/stenoverein-schleswig.de\/index.php?rest_route=\/wp\/v2\/users\/1"}],"replies":[{"embeddable":true,"href":"https:\/\/stenoverein-schleswig.de\/index.php?rest_route=%2Fwp%2Fv2%2Fcomments&post=2177"}],"version-history":[{"count":3,"href":"https:\/\/stenoverein-schleswig.de\/index.php?rest_route=\/wp\/v2\/pages\/2177\/revisions"}],"predecessor-version":[{"id":3063,"href":"https:\/\/stenoverein-schleswig.de\/index.php?rest_route=\/wp\/v2\/pages\/2177\/revisions\/3063"}],"wp:attachment":[{"href":"https:\/\/stenoverein-schleswig.de\/index.php?rest_route=%2Fwp%2Fv2%2Fmedia&parent=2177"}],"curies":[{"name":"wp","href":"https:\/\/api.w.org\/{rel}","templated":true}]}}