{"id":124,"date":"2013-03-05T10:40:12","date_gmt":"2013-03-05T09:40:12","guid":{"rendered":"http:\/\/3clicks.bringthepixel.com\/?page_id=124"},"modified":"2026-04-27T19:44:30","modified_gmt":"2026-04-27T17:44:30","slug":"startseite","status":"publish","type":"page","link":"https:\/\/stenoverein-schleswig.de\/","title":{"rendered":"archiv"},"content":{"rendered":"<p>&nbsp;<\/p>\n<ul class=\"g1-grid\"><li class=\"g1-column g1-two-third g1-valign-middle\">\n<h2>Erreichen Sie Ihre Ziele,<br \/>\nst\u00e4rken Sie Ihre F\u00e4higkeiten!<br \/>\n<\/li><!-- --><\/h2>\n<li class=\"g1-column g1-one-third g1-valign-middle\">\n<style type=\"text\/css\" scoped=\"scoped\">#g1-button-1.g1-button {color: #ffffff;}<\/style><a id=\"g1-button-1\" class=\"g1-button g1-button--big g1-button--simple g1-button--solid \" href=\"https:\/\/stenoverein-schleswig.de\/?page_id=2209\" title=\"Termine\" >Termine<\/a>\n<h4 style=\"text-align: left;\"><strong><br \/>\n<\/strong><\/li><!-- --><\/ul><\/h4>\n<h5>Unsere neuen Informationen zum Datenschutz finden Sie <a href=\"https:\/\/stenoverein-schleswig.de\/?page_id=2194\">hier.<\/a> Wichtig: Sie brauchen nichts zu tun, es handelt sich nur um eine Information f\u00fcr Sie!<\/h5>\n<p>&nbsp;<\/p>\n<h3><strong>Deutsche Meisterschaften vom 28. bis 31. Mai 2025 in Bad Salzschlirf<\/strong><\/h3>\n<p><a href=\"https:\/\/stenoverein-schleswig.de\/?attachment_id=6446\" rel=\"attachment wp-att-6446\"><img loading=\"lazy\" class=\"wp-image-6446 alignleft\" src=\"https:\/\/stenoverein-schleswig.de\/wp-content\/uploads\/2025\/06\/image-300x225.png\" alt=\"\" width=\"347\" height=\"260\" srcset=\"https:\/\/stenoverein-schleswig.de\/wp-content\/uploads\/2025\/06\/image-300x225.png 300w, https:\/\/stenoverein-schleswig.de\/wp-content\/uploads\/2025\/06\/image-1024x767.png 1024w, https:\/\/stenoverein-schleswig.de\/wp-content\/uploads\/2025\/06\/image-768x576.png 768w, https:\/\/stenoverein-schleswig.de\/wp-content\/uploads\/2025\/06\/image-968x725.png 968w, https:\/\/stenoverein-schleswig.de\/wp-content\/uploads\/2025\/06\/image-636x477.png 636w, https:\/\/stenoverein-schleswig.de\/wp-content\/uploads\/2025\/06\/image-320x240.png 320w, https:\/\/stenoverein-schleswig.de\/wp-content\/uploads\/2025\/06\/image-239x179.png 239w, https:\/\/stenoverein-schleswig.de\/wp-content\/uploads\/2025\/06\/image.png 1173w\" sizes=\"(max-width: 347px) 100vw, 347px\" \/><\/a><\/p>\n<p><span style=\"color: #3366ff;\"><strong>Medaillen f\u00fcr Schleswiger Schreiber\/-innen:<\/strong><\/span><\/p>\n<p>Sarah Riebeling Platz 2 in Textbearbeitung und -gestaltung.<\/p>\n<p><span style=\"color: #000000;\">Mannschaft Platz 3 in Texterfassung Perfektion.\u00a0<\/span><\/p>\n<p>Einzelergebnisse: www.stenografenbund.de<\/p>\n<p><em>Bild (von links):<br \/>\nKristian La\u00df, Sarah Riebeling, Gundula Schulz, Anja Manke, Janina Schmidt<\/em><\/p>\n<p>&nbsp;<\/p>\n<p>&nbsp;<\/p>\n<p>Wichtige Information!<br \/>\nNeuer Standort ist ab sofort die\u00a0<span style=\"color: #99cc00;\"><i><span style=\"color: #339966;\"><strong>Gallbergschule.<\/strong>\u00a0<\/span><\/i><\/span><strong><span style=\"color: #99cc00;\"><i><span style=\"color: #339966;\">Anschrift: Gallberg 47, 24837 Schleswig<\/span><\/i><\/span><\/strong><strong><span style=\"color: #99cc00;\"><i><span style=\"color: #339966;\">.<br \/>\n<\/span><\/i><\/span><\/strong><span style=\"color: #000000;\">Das B\u00fcro ist montags und donnerstags von 10 bis 12 Uhr besetzt.<br \/>\nSie erreichen uns weiterhin telefonisch oder per E-Mail. \u00a0E-Mails werden &#8211; au\u00dfer in den Ferien &#8211; t\u00e4glich <span style=\"caret-color: #99cc00;\">gelesen und<\/span> beantwortet. Auch unser AB wird regelm\u00e4\u00dfig abgeh\u00f6rt. Bitte sprechen Sie gerne drauf.<\/span><\/p>\n<p><span style=\"color: #000000;\"><strong>Unser aktuelles Unterrichtsangebot:<\/strong><\/span><\/p>\n<ul>\n<li><span style=\"color: #ff0000;\">Fortsetzung:<\/span>\u00a0<span style=\"color: #339966;\"><strong>Steno online Redeschrift 3 <\/strong><\/span>f\u00fcr TN mit Vorkenntnissen, <span style=\"color: #0000ff;\">mittwochs, \u00a019:00 &#8211; 20:30 Uhr,\u00a0<\/span> <a href=\"https:\/\/stenoverein-schleswig.de\/wp-content\/uploads\/2026\/01\/2025-11-Redeschrift3.pdf\" target=\"_blank\" rel=\"noopener noreferrer\"><span style=\"color: #ff0000;\">Info<\/span><\/a><br \/>\n<span style=\"color: #0000ff;\">ab 4. Februar 2026, weitere Termine: siehe Info<\/span><\/li>\n<li><span style=\"color: #ff0000;\">Fortsetzung:<\/span>\u00a0<span style=\"color: #339966;\"><strong>Steno online f\u00fcr Anf\u00e4nger\/-innen &#8211; Teil 2<br \/>\n<\/strong><\/span><span style=\"color: #0000ff;\">ab 16. April 2026, donnerstags, 17:30 bis 18:45 Uhr,<\/span> <span style=\"color: #ff0000;\"><span style=\"color: #0000ff;\">14 Termine,<\/span> <a style=\"color: #ff0000;\" href=\"https:\/\/stenoverein-schleswig.de\/wp-content\/uploads\/2026\/03\/2026-02-Steno-Online-Anfaenger-Teil-2.pdf\">Info<\/a><\/span><\/li>\n<li><span style=\"color: #ff0000;\">Noch Pl\u00e4tze frei<\/span>\u00a0<span style=\"color: #339966;\"><strong>Steno online Praxis, <\/strong><\/span>f\u00fcr TN, die ihre Vorkenntnisse vertiefen wollen. Einstieg jederzeit m\u00f6glich.<br \/>\n<span style=\"color: #0000ff;\">donnerstags, 14-t\u00e4glich, <\/span><span style=\"color: #333300;\"><span style=\"color: #0000ff;\">19:15 &#8211; 20:15 Uhr,<\/span> <a href=\"https:\/\/stenoverein-schleswig.de\/wp-content\/uploads\/2025\/10\/2025-10-Stenopraxis-online.pdf\"><span style=\"color: #ff0000;\">Info<\/span><\/a><br \/>\n<\/span><span style=\"color: #333300;\"><span style=\"color: #0000ff;\">Termine 2026: 16. April 2026, 30. April 2026, weitere Termine in Planung<\/span><\/span><\/li>\n<li><span style=\"color: #ff0000;\">Neu:<\/span> <strong><span style=\"color: #339966;\">Excel-Grundkurs f\u00fcr Teilnehmer\/-innen mit Vorkenntnissen<\/span><br \/>\n<\/strong><span style=\"color: #0000ff;\"><span style=\"color: #333333;\">Beginn:<\/span> dienstags, 19. Mai 2026, 5 Termine, 09:00 &#8211; 12:00 Uhr<\/span> <span style=\"color: #ff0000;\"><a style=\"color: #ff0000;\" href=\"https:\/\/stenoverein-schleswig.de\/wp-content\/uploads\/2026\/04\/2026-08-Excel-mit-Vorkenntnissen.pdf\">Info<\/a><\/span><\/li>\n<li><span style=\"color: #ff0000;\">Neu:<\/span> <strong><span style=\"color: #339966;\">iPhone\/iPad f\u00fcr Einsteiger<\/span><\/strong> <span style=\"color: #ff0000;\"><a style=\"color: #ff0000;\" href=\"https:\/\/stenoverein-schleswig.de\/wp-content\/uploads\/2026\/04\/2026-03-iPhone.pdf\" target=\"_blank\" rel=\"noopener noreferrer\">Info<\/a><\/span><br \/>\nBeginn: <span style=\"color: #0000ff;\">donnertags, 4. Juni 2026, 2 Termine, 15:00 &#8211; 17:00 Uhr<\/span><\/li>\n<li><span style=\"color: #ff0000;\">Dauerbrenner:<\/span> <span style=\"color: #339966;\"><strong>Tastschreiben f\u00fcr Anf\u00e4nger\/-innen &#8211; Kompaktkurs online &#8211;\u00a0<\/strong><\/span><br \/>\nBeginn: <span style=\"color: #0000ff;\">auf Anfrage,<\/span> <span style=\"color: #0000ff;\">montags, 18:00 &#8211; 19:30 Uhr,<\/span> <span style=\"color: #0000ff;\">6 Termine, <\/span><span style=\"color: #ff0000;\"><a style=\"color: #ff0000;\" href=\"https:\/\/stenoverein-schleswig.de\/wp-content\/uploads\/2026\/02\/2026-09-Tastschreiben-Kompaktkurs-DIN-lang.pdf\" target=\"_blank\" rel=\"noopener noreferrer\">Info<\/a><\/span><\/li>\n<li><span style=\"color: #ff0000;\">Neu:<\/span> <span style=\"color: #339966;\"><strong>Nachweis einer <span style=\"color: #339966;\">Leistungsbescheinigung<\/span><\/strong> &#8211; <em><strong>Anmeldung erforderlich<\/strong><\/em><\/span> <span style=\"color: #ff0000;\"><a style=\"color: #ff0000;\" href=\"https:\/\/stenoverein-schleswig.de\/wp-content\/uploads\/2026\/02\/Hinweise-Leistungsbescheinigung-Homepage-2026-02-15-1.pdf\" target=\"_blank\" rel=\"noopener noreferrer\">Info<\/a><\/span><br \/>\nTermine: <span style=\"color: #0000ff;\">Montag, 8. Juni 2026, 17:45 Uhr, im Schulungsraum,<\/span> weitere Termine folgen<\/li>\n<\/ul>\n<p><strong>Laufende Gruppen<\/strong> &#8211; Einstieg (je nach Anzahl der freien Pl\u00e4tze) und Absprache mit dem Stenografenverein jederzeit m\u00f6glich:<\/p>\n<ul>\n<li><span style=\"color: #339966;\"><strong>PC-Club I <\/strong><span style=\"color: #0000ff;\"><span style=\"color: #333333;\">&#8211; <\/span><\/span><span style=\"color: #0000ff;\">montags<\/span><\/span> <span style=\"color: #0000ff;\">(15:00 &#8211; 17:30 Uhr), Beginn: 12. Januar 2026 &#8211; <strong><span style=\"color: #ff0000;\">noch freie Pl\u00e4tze<\/span><\/strong><br \/>\n<\/span><strong><span style=\"color: #339966;\">PC-Club II<\/span><\/strong> <span style=\"color: #0000ff;\"><span style=\"color: #333333;\">&#8211; <\/span>mittwochs (09:00 &#8211; 11:30 Uhr), Beginn: 7. Januar 2026 &#8211; <span style=\"color: #ff0000;\"><strong>noch freie Pl\u00e4tze<\/strong><\/span><br \/>\n<span style=\"color: #000000;\">Ort: Gallbergschule, Gallberg 47, 2. OG, Schleswig<\/span><br \/>\n<\/span><\/li>\n<li><span style=\"color: #ff0000;\">\u00a0<\/span><strong><span style=\"color: #000000;\"><span style=\"color: #339966;\">Steno (Pr\u00e4senzunterricht)<\/span><\/span><\/strong><span style=\"color: #000000;\"><span style=\"color: #339966;\"><br \/>\n<\/span>Ort: Gallbergschule, Gallberg 47, 2. OG, Schleswig <span style=\"color: #ff0000;\">&#8211; <strong>noch freie Pl\u00e4tze<\/strong><\/span><em><br \/>\n&#8211; Lerngruppe<\/em><\/span> <span style=\"color: #3366ff;\"><span style=\"color: #0000ff;\">dienstags<\/span>,<\/span> <span style=\"color: #0000ff;\">13:30 &#8211; 15:00 Uhr, <span style=\"color: #333333;\">Beginn:<\/span> 13. Januar 2026 &#8211; <span style=\"color: #ff0000;\"><strong>noch freie Pl\u00e4tze<\/strong><\/span><\/span><br \/>\n<em><span style=\"color: #000000;\">&#8211; Trainingsgruppe:<\/span><\/em><span style=\"color: #339966;\"> <span style=\"color: #0000ff;\">dienstags<\/span><\/span> <span style=\"color: #0000ff;\">17:00 &#8211; 18:00 Uhr, <span style=\"color: #333333;\">Beginn:<\/span> 20. Januar 2026 &#8211; <span style=\"color: #ff0000;\"><strong>noch freie Pl\u00e4tze<\/strong><\/span><\/span><\/li>\n<li><strong><span style=\"color: #339966;\">Tastschreiben und Autorenkorrektur<\/span><span style=\"color: #339966;\"> (Online-Training)<\/span><\/strong> &#8211; Einstieg jederzeit m\u00f6glich,<br \/>\n<span style=\"color: #0000ff;\"><span style=\"color: #333333;\">Beginn: <\/span>dienstags<\/span>, <span style=\"color: #0000ff;\">18:15 &#8211; 19:15 Uhr, <span style=\"color: #333333;\">Beginn<\/span>: 13. Januar 2026 <strong><span style=\"color: #ff0000;\"><a style=\"color: #ff0000;\" href=\"https:\/\/stenoverein-schleswig.de\/wp-content\/uploads\/2025\/12\/Trainingstermine-2026-1.-Halbjahr.pdf\" target=\"_blank\" rel=\"noopener noreferrer\">Trainingstermine 2026-1. Halbjahr<\/a><\/span><\/strong><\/span><\/li>\n<\/ul>\n<hr \/>\n<p>Weitere Kurse in Vorbereitung:<\/p>\n<p><span style=\"color: #ff0000;\"><br \/>\n<\/span><span style=\"color: #339966;\">Tastschreiben f\u00fcr Sch\u00fcler\/Jugendliche<\/span> <span style=\"color: #ff0000;\"><a style=\"color: #ff0000;\" href=\"https:\/\/stenoverein-schleswig.de\/wp-content\/uploads\/2025\/08\/2025-09-C-Tastschreiben-Jugend.pdf\">Info<\/a><\/span><br \/>\n<span style=\"color: #339966;\">Smartphone-Kurs f\u00fcr Senioren,<\/span> 2 Termine, <span style=\"color: #0000ff;\">jeweils 17:30 &#8211; 19:30 Uhr, <span style=\"color: #ff0000;\"><em><strong>Warteliste <\/strong><\/em>&#8211; <\/span><\/span><span style=\"color: #ff0000;\"><a style=\"color: #ff0000;\" href=\"https:\/\/stenoverein-schleswig.de\/wp-content\/uploads\/2022\/07\/2022-03_Smartphone-Senioren-1-2-Termine.pdf\">Info<\/a><br \/>\n<\/span><span style=\"color: #339966;\">Libre Office:<\/span> <span style=\"color: #0000ff;\">Neuer Grundkurs 2025<\/span>\u00a0<span style=\"color: #ff0000;\"><a style=\"color: #ff0000;\" href=\"https:\/\/stenoverein-schleswig.de\/wp-content\/uploads\/2022\/10\/2022-12_Libre-Office.pdf\">Info<\/a><\/span><\/p>\n<p>&nbsp;<\/p>\n<p>&nbsp;<\/p>\n<p>&nbsp;<\/p>\n<p>&nbsp;<\/p>\n<p>&nbsp;<\/p>\n<p>&nbsp;<\/p>\n<p>&nbsp;<\/p>\n<p>&nbsp;<\/p>\n<p>&nbsp;<\/p>\n<ul class=\"g1-grid\"><li class=\"g1-column g1-one-fourth g1-valign-top\">\n<p><i id=\"icon-1\" class=\"icon-magic g1-icon g1-icon--solid g1-icon--small g1-icon--inherit \"><\/i> <a href=\"https:\/\/stenoverein-schleswig.de\/wp-content\/uploads\/2025\/06\/2025_04-06.pdf\">Vereinsmitteilungen April, Mai und Juni<\/a><\/p>\n<\/li><!-- -->\n<li class=\"g1-column g1-one-fourth g1-valign-top\">\n<h4><\/h4>\n<\/li><!-- -->\n<li class=\"g1-column g1-one-fourth g1-valign-top\">\n<p><i id=\"icon-2\" class=\"icon-gift g1-icon g1-icon--solid g1-icon--small g1-icon--inherit \"><\/i> Vereinsmitteilung Archiv<\/p>\n<\/li><!-- --><\/ul>\n<p>&nbsp;<\/p>\n<p>*** Ukrainian &#8211; herzlich willkommen ***<\/p>\n<h5><strong><span style=\"color: #ff6600;\">We welcome Ukrainian refugees to our classes for typing and MS Office. Here you can improve and use your skills for Microsoft Applications, typing and the German language. Participation as a Ukrainian refugee is free of charge. Do not hesitate to contact us via eMail or phone or just stop by at our office during opening hours.<\/span><\/strong><\/h5>\n<p>\u0428\u0430\u043d\u043e\u0432\u043d\u0456 \u0443\u043a\u0440\u0430\u0457\u043d\u0446\u0456! \u041d\u0430\u0448 \u043d\u0435\u0432\u0435\u043b\u0438\u0447\u043a\u0438\u0439 \u043d\u0456\u043c\u0435\u0446\u044c\u043a\u0438\u0439 \u043a\u043b\u0443\u0431 \u0441\u0442\u0435\u043d\u043e\u0433\u0440\u0430\u0444\u0456\u0457\u0457 \u0437\u0430\u043f\u0440\u043e\u0448\u0443\u0454 \u0412\u0430\u0441 \u0432\u0456\u0434\u0432\u0456\u0434\u0430\u0442\u0438 \u043d\u0430\u0448\u0456 \u0437\u0430\u043d\u044f\u0442\u0442\u044f \u0442\u0430 \u043f\u043e\u043a\u0440\u0430\u0449\u0438\u0442\u0438 \u0441\u0432\u043e\u0457 \u0437\u043d\u0430\u043d\u043d\u044f \u0442\u0430 \u043d\u0430\u0432\u0438\u0447\u043a\u0438 \u0443 \u0440\u043e\u0431\u043e\u0442\u0456 \u0437 \u043f\u0440\u043e\u0433\u0440\u0430\u043c\u043c\u0430\u043c\u0438 Microsoft, \u043d\u0430\u0431\u043e\u0440\u0443 \u0442\u0435\u043a\u0441\u0442\u0443 \u0442\u0430 \u043di\u043c\u0435\u0446\u044c\u043a\u043e\u0457 \u043c\u043e\u0432\u0438. \u041c\u0438 \u0442\u0430\u043a\u043e\u0436 \u0434\u043e\u043f\u043e\u043c\u043e\u0433\u0430\u0454\u043c\u043e\u00a0 \u043e\u043f\u0430\u043d\u0443\u0432\u0430\u0442\u0438 \u0442\u0430 \u0432\u0438\u043a\u043e\u0440\u0438\u0441\u0442\u043e\u0432\u0443\u0432\u0430\u0442\u0438 \u043a\u043e\u043c\u043f&#8217;\u044e\u0442\u0435\u0440 \u043b\u044e\u0434\u044f\u043c \u043f\u043e\u0445\u0438\u043b\u043e\u0433\u043e \u0432\u0456\u043a\u0443. \u0423\u0447\u0430\u0441\u0442\u044c \u0434\u043b\u044f \u0431\u0456\u0436\u0435\u043d\u0446\u0456\u0432 \u0437 \u0423\u043a\u0440\u0430\u0457\u043d\u0438 \u0411\u0415\u0417\u041a\u041e\u0428\u0422\u041e\u0412\u041d\u0410. \u0412\u0438 \u043c\u043e\u0436\u0435\u0442\u0435 \u0437\u0432&#8217;\u044f\u0437\u0430\u0442\u0438\u0441\u044f \u0437 \u043d\u0430\u043c\u0438 \u044d\u043b\u0435\u043a\u0442\u0440\u043e\u043d\u043e\u044e \u043f\u043e\u0448\u0442\u043e\u044e: <a href=\"mailto:info@stenoverein-schleswig.de\">info@stenoverein-schleswig.de<\/a> \u0442\u0435\u043b\u0435\u0444\u043e\u043d\u043e\u043c +49 4621 21232, \u0430\u0431\u043e \u0437\u0430\u0432i\u0442\u0430\u0442\u0438 \u0434\u043e \u043d\u0430\u0448\u043e\u0433\u043e \u043e\u0444\u0456\u0441\u0443 \u0437\u0430 \u0430\u0434\u0440\u0435\u0441\u043e\u044e: Stadtfeld 15 24837 Schleswig, Schleswig-Holstein, \u0413\u0435\u0440\u043c\u0430\u043d\u0438\u044f. \u041b\u0430\u0441\u043a\u0430\u0432\u043e \u043f\u0440\u043e\u0441\u0438\u043c\u043e\ud83d\udc99\ud83d\udc9b<\/p>\n<h5 style=\"text-align: right;\"><\/h5>\n<p>&nbsp;<\/p>\n<style type=\"text\/css\" scoped=\"scoped\">#g1-section-1.g1-section {background-color: #f7f7f7; background-repeat:repeat; background-position:center top; background-attachment:static; border-width:1px 0; padding-bottom:0px;}<\/style><div id=\"g1-section-1\" class=\"g1-section \"><div class=\"g1-layout-inner\">\n<h3 class=\"g1-h1\" style=\"text-align: center;\"><a href=\"https:\/\/stenoverein-schleswig.de\/?page_id=2150\">Herzlich willkommen beim\u00a0Stenografenverein Schleswig von 1895 e. V. <\/a><\/h3>\n<div><\/div>\n<p style=\"text-align: left;\">Wir hei\u00dfen Stenografenverein, sind aber weitaus mehr als ein Stenografenverein. Seit 1895 widmen wir uns dem Unterricht, und zwar nicht nur der Kurzschrift, sondern allen schreibtechnischen F\u00e4chern. Unsere Kurse k\u00f6nnen auch von Nichtmitgliedern besucht werden. F\u00fcr Mitglieder bieten wir au\u00dferdem Trainingsm\u00f6glichkeiten zur Steigerung der Schreibfertigkeit.<\/p>\n<span id=\"g1-space-1\" class=\"g1-space \" style=\"height:1.5em;\"><\/span>\n<\/div><\/div>\n<style type=\"text\/css\" scoped=\"scoped\">#g1-section-2.g1-section {background-repeat:repeat; background-position:center top; background-attachment:static;}<\/style><div id=\"g1-section-2\" class=\"g1-section \"><div class=\"g1-layout-inner\">\n<ul class=\"g1-grid\"><li class=\"g1-column g1-one-half g1-valign-top\">\n<h2>Fakten<\/h2>\n\n<ul id=\"g1-list-1\" class=\"g1-list--icon g1-list--simple \">\n<li><i class=\"icon-chevron-right g1-list__icon\"><\/i>Traditionell\u00a0Kurzschrift<\/li>\n<li><i class=\"icon-chevron-right g1-list__icon\"><\/i>Zehn-Finger-Tastschreiben (Maschinenschreiben)<\/li>\n<li><i class=\"icon-chevron-right g1-list__icon\"><\/i>g\u00e4ngige PC-Anwendungsprogramme<\/li>\n<\/ul>\n\n<\/li><!-- -->\n<li class=\"g1-column g1-one-half g1-valign-top\">\n<h2>Zufriedene Teilnehmer sagen &#8230;<\/h2>\n<div id=\"g1-html-rotator-counter-1\" class=\"g1-html-rotator  g1-autoplay\" data-g1-rotate-items=\"1\" data-g1-timeout=\"3000\"><div class=\"g1-carousel-content\"><ul class=\"g1-carousel-items\">\n<li id=\"g1-carousel-item-counter-1\" class=\"g1-carousel-item \">\n<figure id=\"g1-quote-1\" class=\"g1-quote g1-quote--solid g1-quote--small \" ><div class=\"g1-inner\">\n<p><em><span style=\"color: #000000; font-family: Arial;\">&#8222;2023-07-27: Tats\u00e4chlich habe ich als Jugendliche (seinerzeit noch auf einer Schreibmaschine) im Stenografenverein das Tastschreiben gelernt. Es war von jeher vorteilhaft f\u00fcr mich, blind und irre schnell schreiben zu k\u00f6nnen. Somit noch einmal vielen Dank an Ihren Verein. Was Sie lehren &#8211; ist f\u00fcr das Leben.\u00a0AK aus F&#8220;<\/span><\/em><\/p>\n<\/div><figcaption class=\"g1-meta\"><span class=\"g1-quote__image\"><\/span><span>Kursteilnehmerin<\/span><\/figcaption><\/figure>\n<\/li>\n<\/ul><\/div><\/div>\n<\/li><!-- --><\/ul>\n<\/div><\/div>\n<style type=\"text\/css\" scoped=\"scoped\">#g1-section-3.g1-section {background-repeat:repeat; background-position:center top; background-attachment:static;}<\/style><div id=\"g1-section-3\" class=\"g1-section \"><div class=\"g1-layout-inner\">\n<div id=\"g1-box-counter-1\" class=\"g1-box g1-box--simple  g1-box--noicon\" ><div class=\"g1-box__inner\">\n<ul class=\"g1-grid\"><li class=\"g1-column g1-two-third g1-valign-middle\">\n<h2>Jetzt informieren und Mitglied werden!<\/h2>\n<h3 class=\"g1-h4\">Mit uns erreichen Sie Ihre Ziele!<\/h3>\n<\/li><!-- -->\n<li class=\"g1-column g1-one-third g1-valign-middle\">\n<a id=\"g1-button-2\" class=\"g1-button g1-button--big g1-button--solid g1-button--wide \" href=\"https:\/\/stenoverein-schleswig.de\/?page_id=614\" >Kontaktformular<\/a>\n<\/li><!-- --><\/ul>\n<\/div><\/div>\n<div id=\"g1-divider-1\" class=\"g1-divider g1-divider--none g1-divider--noicon \"><\/div>\n<\/div><\/div>\n<p>&nbsp;<\/p>\n<p>&nbsp;<\/p>\n","protected":false},"excerpt":{"rendered":"<p>&nbsp; Unsere neuen Informationen zum Datenschutz finden Sie hier. Wichtig: Sie brauchen nichts zu tun, es handelt sich nur um eine Information f\u00fcr Sie! &nbsp; Deutsche Meisterschaften vom 28. bis 31. Mai 2025 in Bad Salzschlirf Medaillen f\u00fcr Schleswiger Schreiber\/-innen: Sarah Riebeling Platz 2 in Textbearbeitung und -gestaltung. Mannschaft Platz 3 in Texterfassung Perfektion.\u00a0 Einzelergebnisse: [&hellip;]<\/p>\n","protected":false},"author":1,"featured_media":3143,"parent":0,"menu_order":10,"comment_status":"closed","ping_status":"closed","template":"g1_template_page_full.php","meta":{"_bbp_topic_count":0,"_bbp_reply_count":0,"_bbp_total_topic_count":0,"_bbp_total_reply_count":0,"_bbp_voice_count":0,"_bbp_anonymous_reply_count":0,"_bbp_topic_count_hidden":0,"_bbp_reply_count_hidden":0,"_bbp_forum_subforum_count":0},"_links":{"self":[{"href":"https:\/\/stenoverein-schleswig.de\/index.php?rest_route=\/wp\/v2\/pages\/124"}],"collection":[{"href":"https:\/\/stenoverein-schleswig.de\/index.php?rest_route=\/wp\/v2\/pages"}],"about":[{"href":"https:\/\/stenoverein-schleswig.de\/index.php?rest_route=\/wp\/v2\/types\/page"}],"author":[{"embeddable":true,"href":"https:\/\/stenoverein-schleswig.de\/index.php?rest_route=\/wp\/v2\/users\/1"}],"replies":[{"embeddable":true,"href":"https:\/\/stenoverein-schleswig.de\/index.php?rest_route=%2Fwp%2Fv2%2Fcomments&post=124"}],"version-history":[{"count":1952,"href":"https:\/\/stenoverein-schleswig.de\/index.php?rest_route=\/wp\/v2\/pages\/124\/revisions"}],"predecessor-version":[{"id":6631,"href":"https:\/\/stenoverein-schleswig.de\/index.php?rest_route=\/wp\/v2\/pages\/124\/revisions\/6631"}],"wp:featuredmedia":[{"embeddable":true,"href":"https:\/\/stenoverein-schleswig.de\/index.php?rest_route=\/wp\/v2\/media\/3143"}],"wp:attachment":[{"href":"https:\/\/stenoverein-schleswig.de\/index.php?rest_route=%2Fwp%2Fv2%2Fmedia&parent=124"}],"curies":[{"name":"wp","href":"https:\/\/api.w.org\/{rel}","templated":true}]}}